2*l - 6. Give h(r).
18
Let i(n) = 4*n + 143. Let d be i(-34). Let u(x) = x**3 - 7*x**2 + 4*x - 13. Determine u(d).
15
Suppose -2*n + 5*x = -34, 2 = 2*n - x - 16. Let k(a) = -a**3 + 5*a**2 + 17*a - 19. Let r be k(n). Let l(b) = -5*b**3 + 2*b**2. Calculate l(r).
-32
Let m(q) = 2*q**3 + 35*q**2 - 27*q - 14. Let r be m(-18). Let x = 144 - r. Let y(o) = 3*o**2 + 4*o + 1. Calculate y(x).
33
Let h(z) = 2*z + 102. Let q(u) = 26*u + 615. Let i(l) = 6*h(l) - q(l). What is i(-1)?
11
Let d(c) = 159*c + c**2 + 14*c - 162*c. What is d(-4)?
-28
Let v(p) = 276471 + 8*p**2 + 3*p - 9*p**2 - 276460. Calculate v(-6).
-43
Let v(r) be the second derivative of r**4/12 + r**3/6 + 2*r**2 - r. Suppose -12 = -2*n + 4*z, -n + 9 = 12*z - 15*z. Calculate v(n).
4
Let q(x) = 160*x + 26. Let t(n) = 115*n + 17. Let s(w) = 5*q(w) - 7*t(w). Suppose 0 = 2*v - 18 - 0. Give s(v).
-34
Let n(x) be the third derivative of -x**6/180 - x**5/20 + 23*x**4/24 + 67*x**2. Let w(y) be the second derivative of n(y). Give w(-4).
10
Let y = -144 - -145. Let p(v) = 12*v**3 - 2*v**2 + 2*v - 1. Calculate p(y).
11
Let r(s) = s**3 + 16*s**2 + 26*s - 3. Let z be r(-14). Suppose -5*w + z = -3*x + x, 5*w = 5. Let h(k) = -2*k - 9. What is h(x)?
11
Let u(a) = -2*a - 9. Suppose -88*y + 93*y - 25 = 0. Suppose -y*v = 5*x - 2*v + 20, -5*v = -25. Calculate u(x).
5
Suppose 24 = 2*s - 11*f + 8*f, -4*s + f + 18 = 0. Let z(a) be the second derivative of -36*a + 0 - 3/2*a**2 + 1/3*a**4 - 2/3*a**s. Calculate z(-2).
21
Let d = 19 - 24. Let p(x) = 1680*x**2 - 838*x**2 - 7 - 5*x - 843*x**2. Calculate p(d).
-7
Let a(y) be the first derivative of -2*y**2 + 73*y - 2235. Calculate a(19).
-3
Let f(o) = -44*o + 4 + 5 + 45*o + 3. Suppose 0 = 7*b - 3*b. Suppose i + b*i = 0. Determine f(i).
12
Let h(s) = -s**2 + 3*s - 3. Let a = -42 - -39. Let o = 2 - a. Suppose -2*y = -3*y - 2*f, o*y = f + 11. Give h(y).
-1
Suppose k + b + 144 - 149 = 0, -3*k + b = -7. Let j(c) be the third derivative of 0*c + 0 - 1/6*c**k + 1/60*c**5 + 28*c**2 - 1/12*c**4. Calculate j(2).
-1
Let b(k) = 2*k**2 - 2*k + 2. Let y(x) = -2*x**2 + x - 2. Let m be -1 + (0 - (-1 + 2)). Let r(v) = m*b(v) - 3*y(v). Let t = -1 - -3. Give r(t).
12
Let s(z) = 65*z**2 - 7*z - 60. Let b(k) = 119*k**2 - 14*k - 117. Let t(g) = 6*b(g) - 11*s(g). What is t(-5)?
-32
Let y(u) = -u**2 - 16*u - 30. Let v be y(-14). Let x(f) = -4*f**2 + 2. Calculate x(v).
-14
Let k(n) be the third derivative of -11*n**5/60 - n**4/3 + 3*n**3/2 - 2*n**2 - 62*n + 22. What is k(1)?
-10
Let a(r) = -r**3 + 35*r**2 + 73*r + 35. Let l be a(37). Let d be (2/(-2))/(l + 72/40). Let u(x) = -5*x + 6. Calculate u(d).
-19
Let d(r) = -r**2 + 8*r + 59. Let b(q) = 2*q**2 + 488*q + 6452. Let p be b(-14). Determine d(p).
11
Let o(w) = w**2 + 4*w + 4. Suppose -2*t = -2*x - 6*t, 3*t - 14 = -5*x. Suppose x*d + 9 = d. Give o(d).
1
Let q(t) = 4 + t**3 + 54*t - 2 - 93*t + 41*t. Calculate q(-3).
-31
Let n(h) = h + 17 + 3 - 5. Let u be ((-198)/264)/((-6)/(-72)). Calculate n(u).
6
Let o(g) = 2*g**2 - 4*g - 4. Let c be (-204)/84 - 8/14. Calculate o(c).
26
Let y(t) = 2*t - 27. Let w = -67 + -149. Let o = -203 - w. Give y(o).
-1
Let x(v) = -v**2 + 5. Suppose 0 = -19*o + 24*o - 65. Suppose o*w = 30*w - 102. Give x(w).
-31
Suppose -2*x = -5*u - 0 + 10, 0 = 5*u + 4*x + 20. Let b(h) = -6 - 12 - 2 - 328*h + 329*h + 6. What is b(u)?
-14
Let l(m) = m**2 - 9*m - 2. Suppose -3*b + 5*f + 557 = 0, -5*b + f + 582 = -317. Let t = b - 169. What is l(t)?
8
Let m(j) = -j**3 - 9*j**2 - 16*j - 12. Suppose 153*p + 183*p - 8*p + 1968 = 0. Give m(p).
-24
Let l(m) = 7*m**3 + 18*m**2 - 26*m. Let u(g) = 16*g**3 + 32*g**2 - 50*g + 1. Let a(f) = 7*l(f) - 3*u(f). What is a(-31)?
28
Let a(o) = -o**2 + 3*o + 6. Let t(s) = 16*s - 150. Let d be t(15). Suppose 0 = 10*u + 8*u - d. What is a(u)?
-4
Let i = 51271 + -51270. Let j(r) be the third derivative of r**4/3 + r**3/6 + r**2. Determine j(i).
9
Let v(k) be the first derivative of -k**4/4 - 10*k**3/3 - 4*k**2 + 13*k + 2. Let a be 9/(-1)*(10 + -9). Determine v(a).
4
Suppose 3*u + 17 = 2*u. Let k(m) be the second derivative of m**3/6 + 15*m**2/2 + 694*m - 3. What is k(u)?
-2
Let o(x) = -3*x**2 + 35*x + 36. Let f(t) = -t**2 + 18*t + 18. Let a(h) = 7*f(h) - 3*o(h). Calculate a(-10).
8
Let m(k) = -k - 1. Let h(q) = q**2 + 4*q - 111. Let d be h(-14). Suppose d*r - 20*r = 36. Give m(r).
-5
Let q = -13508 - -13501. Let v(h) = h**3 + 6*h**2 - 7*h - 21. What is v(q)?
-21
Let n(t) be the second derivative of t**5/20 - 5*t**4/12 + t**3 + t**2/2 + 1265*t. Calculate n(4).
9
Let u(i) = i**2 - 159*i + 613. Let w be u(4). Let a(q) = q - 4 + 3*q - 5*q. Let x be a(w). Let z(n) = -6*n + 1. What is z(x)?
-17
Let q(k) = -2*k**2 + 5*k. Suppose 0 = 72*v - 292 + 4. Determine q(v).
-12
Suppose 251*k = 273*k - 176. Let i(h) = h**2 - 10*h + 6. Give i(k).
-10
Suppose -4*d + 3*d = -5*g + 49, 4*d = -g + 14. Suppose 5*x - 4*l + g = 0, -4*x - 4*l - 10 = 34. Let u be (x/(-8))/(7/56). Let p(b) = b + 2. Determine p(u).
8
Suppose -102 = 4*z + 250. Let y = z - -96. Suppose y*b = -b - 54. Let a(h) = h**3 + 5*h**2 - 9*h - 9. Determine a(b).
9
Let h(n) = -61*n**2 + 11*n - 284. Let k(f) = -26*f**2 + 5*f - 142. Let b(i) = -3*h(i) + 7*k(i). Give b(11).
1
Suppose -436*h + 528*h = -644. Let t(j) = 99*j + 694. Calculate t(h).
1
Let d(t) be the first derivative of 1/3*t**3 - t**2 - 5/4*t**4 + 0*t - 144. Determine d(2).
-40
Let f be (1 + (-102)/66)*-44. Let x(l) = -9*l + 215. Calculate x(f).
-1
Suppose -9 = u - 2*u. Let k be -3 + (-5)/((-15)/u). Let t(c) be the third derivative of c**6/120 + c**5/60 + c**4/24 + 7*c**3/3 + 20*c**2. Calculate t(k).
14
Let s(a) be the third derivative of -a**6/120 - 2*a**5/15 - a**4/24 - a**3 - a**2. Let b(m) = -2*m**3 - 34*m**2 + 33*m - 825. Let g be b(-19). Calculate s(g).
2
Let q(y) = y**3 + 9*y**2 - y - 18. Let x(u) = -2*u**3 + 29*u**2 - 44*u + 56. Let i be x(13). Determine q(i).
-9
Let b(q) = q**3 + 5*q**2 - 5*q - 15. Let h be b(-2). Suppose -4*g + 36 = 4*x, g + 12 = 3*x - h. Let j(w) = w**3 - 7*w**2 - 4. Determine j(x).
-4
Let m = 100 - 97. Let t(q) be the third derivative of 5*q**4/24 + q**3/3 - q**2 + 19*q. What is t(m)?
17
Let d(o) be the second derivative of -o**5/20 - o**4/2 + 5*o**3/6 + 5*o**2/2 + o - 19. Suppose 11*x - x = -60. Give d(x).
-25
Let y(x) = -x**2 + 11*x. Let i = -124 + 127. Suppose -i*j = -12*j + 108. Determine y(j).
-12
Let v(r) be the second derivative of r**4/12 - 2*r**3/3 + 7*r**2/2 + 129*r. What is v(4)?
7
Suppose -2*b = -5*n, 4*b - 5 + 29 = -2*n. Let t(q) be the first derivative of -q**3/2 + 2*q - 2. Let l(j) be the first derivative of t(j). Give l(n).
6
Let w be ((-33)/(-44))/(3/20). Suppose 7*c = w*c + 18. Let n(g) = -c*g + 0*g + 6 + 11*g. Calculate n(-7).
-8
Suppose 32*z - 34 = 31*z. Suppose 3*o = -9, -j + 0*j + 3*o = z. Let l = 49 + j. Let u(n) = -n**3 + 6*n**2. Calculate u(l).
0
Let z(h) = -5136*h + 2554*h + 8 + 2560*h. Determine z(4).
-80
Let l(u) = 3*u - 17. Let d = -4966 + 4966. Determine l(d).
-17
Suppose 23*k + 883 - 505 - 516 = 0. Let w(v) = -7*v + 19. Determine w(k).
-23
Suppose 69*i + 2 = 71*i. Let n(m) = -38*m - 46*m + i + 165*m - 39*m - 41*m. What is n(-5)?
-4
Let q(p) = -p**3 + 7*p**2 + 11*p - 18. Let k = 49 - 7. Suppose 18 = -3*w + k. Let j be q(w). Let l(d) = -d**3 + 5*d**2 + 4*d + 2. What is l(j)?
-10
Let b(j) = 6 + 2*j**2 - 8*j - j**2 - j. Suppose 1365 = 46*y - 2223. Let h = 85 - y. Determine b(h).
-8
Let b = 1 - 4. Let q be (0/(-3))/(1 + b). Let m(l) = -15*l**2 - 15*l + 8. Let n(g) = 7*g**2 + 7*g - 4. Let t(r) = 6*m(r) + 13*n(r). Determine t(q).
-4
Let l be ((-10)/4 - -2)/(8/48). Let v(f) = -5*f**3 - 23*f**2 + 7*f - 3. Let k(u) = 2*u**3 + 10*u**2 - 3*u + 1. Let m(o) = 7*k(o) + 3*v(o). Give m(l).
34
Let f(o) = -3*o + 58. Suppose 112*n = 11*n - 1010. What is f(n)?
88
Suppose 3*a + 10 = -4*t, -6*t + 10 = -t. Let g(d) = -d**3 - 7*d**2 - 6*d + 5. Let h be g(a). Let s(f) = -f**2 + 7*f - 4. What is s(h)?
6
Let a(x) = -7*x**2 - 8*x + 21. Suppose 0 = 3*o - 2*l + 33, 3*o - 5*l + 22 = -2. Let t(f) = 15*f**2 + 16*f - 45. Let n(k) = o*a(k) - 6*t(k). Give n(-8).
-3
Let d(c) be the third derivative of -c**6/120 + c**4/24 - 16*c**3/3 - 1608*c**2. Suppose 0*m + 2*m = 0. Determine d(m).
-32
Let u(q) = -16*q - 30. Let r(k) = 3*k + 7. Let h(v) = 5*r(v) + u(v). Determine h(-5).
10
Suppose -5*t